te 15 + -2 + (-11 - 31) + -6 + 22.
-13
Evaluate -14 - 1 - -1 - -3 - (692 - 735).
32
What is 0 + (2 - 1) - (-30 + (60 - 156)) - -15?
142
Calculate (33 - 3 - (328 - 287)) + (0 - -5) - -89.
83
Calculate (4 + -15 + 24 - 102 - 0) + -6.
-95
Evaluate (-45 - -1) + (-7921 - -7970).
5
What is 0 + -8 - 1 - (-3 + (-20 - -11))?
3
Calculate -163 + 125 - (-18 + (6 - 5)).
-21
Evaluate -2 + 3 + (6 - (-15 + 23 + -4)) + -82.
-79
What is (16 - (4 + -5 + 3)) + (9385 - 9444)?
-45
Evaluate (-46 - (1 + -2)) + (-30 - -20 - -26) + -26.
-55
(4 + -14 + 69 - 50) + 2 + 1 + -139
-127
Calculate -4 + (3 - 3) + (-8 - (-20 - 9) - -65).
82
Calculate 32 + -31 + -1 + (0 - 6).
-6
What is 15 + (-14 - (2 + (3 - (7 - -7))))?
10
Calculate -89 + (-84 - -141) - (-2 - -57).
-87
What is 0 + 3 + -1 + 2 - (-250 - -263)?
-9
Evaluate -9 + -1 + 10 + 30 - 24.
6
What is (23 + 12 - 51) + 21?
5
What is -61 - (-50 + 33) - (9 - 1)?
-52
What is the value of 34 - (35 + -19 + -17 + -15) - -7?
57
Evaluate -32 + ((-2 - 0) + 7 - (12 + -7) - 5).
-37
Calculate -7 + 0 + -8 + -90 + 21 + (4 - 2).
-82
(229 - 199) + -6 + -91 + 9 + (-1 - -1)
-58
What is the value of -26 + (23 - -48 - -3)?
48
77 - 21 - 53 - -12
15
Evaluate (-4 + 32 - -17) + (1 - (2 + 4)).
40
Calculate 120 + 160 + -325 + (-1 - -32).
-14
-39 + (-34 - 23) + 21
-75
21 + -5 + -33 + 40 - 73
-50
What is the value of (51 - (3 - -49)) + (-1 - -2 - (28 - 1))?
-27
(406 - 148) + -146 - (-2 + 0 + 14)
100
Calculate 4 + -46 + -105 + 132.
-15
Evaluate (34 - 15 - -28) + -8 - (8 + 2).
29
What is 2 + -13 + (16 - 9) - (-78 + 5 + 4)?
65
What is 30 + (-14 + (37 - 6) - 113)?
-66
Evaluate 5 + 18 - (-55 - 1) - (0 - (2 - -3)).
84
Calculate 11 - (24 - 11 - -5) - 24.
-31
Calculate 7 + -2 + 2 + 4 + -75 + 80.
16
What is -97 + 10 + -4 + -17 + 31 + (-4 - 8)?
-89
What is 34 + 8 + 243 + -297?
-12
Calculate 26 - (-26 - 27 - 2) - 2.
79
Evaluate 8 - (5 + (-16 - -6)) - (7 + -10 - -26).
-10
What is the value of -66 + 30 + -90 + (-23 - -57)?
-92
What is 18 - (75 + (-6 - 11) + -3)?
-37
Evaluate -11 - (47 + -71 + -20).
33
What is the value of -57 + (-72 + 127 - 10)?
-12
What is the value of 3 + 5 + -28 + (35 - 20) - -30?
25
What is 26 - (11 + (3 - (-34 - -19)))?
-3
Calculate -6 + (27 - 6 - -16) + -6 + 7.
32
What is -22 - ((-5 - (-1 - 21 - -1)) + -87)?
49
What is the value of -6 + (-70 - -74) + (0 - 3) + (11 - -28)?
34
What is -60 + 109 + (33 - (45 + -15))?
52
What is the value of 2 - (83 - -1) - (-85 + 75)?
-72
What is 0 - 33 - (74 + (-201 - -111))?
-17
Calculate (-39 - 8) + 11 + -33 + 28.
-41
What is the value of 122 - ((-74 - -320) + -41)?
-83
What is 10 + -18 + (10 - 46 - -35)?
-9
21 - ((3 - 1) + (77 - 75))
17
What is (22 - (38 - 1)) + -2 + 8 + 1 + 22?
14
Evaluate (2 - (-1 + 3)) + -23 - (-9771 + 9777).
-29
Evaluate -6 + -2 + 25 + -11 + -1 + -2 + -6.
-3
Calculate 1 - (-9 + 8 - (37 - -1)) - (5 - 0).
35
-107 + 93 + 117 + -39
64
10 - (4 + 11) - 30 - (-35 + 53)
-53
Calculate 2 + -6 - (-123 + -4 - -3 - -38).
82
What is -2 + (-1 - -26) + 29 + (149 - 102)?
99
Evaluate 2 - (50 + (12 - (14 + -7 - -3))).
-50
Evaluate 79 + (-19 + 10 - -11) + (-34 - -23).
70
-1074 + 1124 + 1 + (-1 - 4)
46
Calculate 0 - 75 - (-16 + 27).
-86
-164 - ((-166 - -103) + -193)
92
What is -30 - (5 + 1 + (-21 - (-11 + 9)))?
-17
Calculate -6 + -7 - (23 + -44 + 20).
-12
What is the value of -2 - 5 - ((-36 - -6 - (-28 + 31)) + -12)?
38
What is (550 + -477 - (34 + 0)) + -32?
7
Calculate 1 + -4 + (63 - 152) + 63.
-29
-999 + 1032 - (-3 + 1 + 3 - 5)
37
Calculate -2 + 7 - ((-8 - -3) + (1 - 41)).
50
What is the value of 3407 + -3412 - (31 - 0)?
-36
Evaluate (0 - (3 - 1)) + (272 - 437) + 92.
-75
(-51 + 11 - -13) + 21 + -10 + -50
-66
What is (8 - (1 + -7 - -9)) + -7 - (-2 + -73)?
73
What is the value of -41 + 23 + -8 + (-9 - (-6 - 2)) + 6?
-21
Calculate -171 + 167 + 3 + (-7 - -11 - 7).
-4
-7 + 11 + 48 + (1 - -5) - (4 - -1)
53
-53 + (96 - (195 + -117))
-35
Evaluate (-87 + 235 - 71) + 51.
128
(-17 + 5 - (3 - 11) - -3) + (64 - -2)
65
Calculate -14 + (-89 + 75 + (5 + -5 - -18) - 5).
-15
-37 - (-13 + -17) - (12 - 36)
17
Evaluate -8 + (12 - (9 + (-2 - 15))) - (-23 + -5).
40
What is 33 + (-71 - -28) + -2 + -7?
-19
Evaluate -40 + 10 + 19 - 11.
-22
Evaluate (-7 - -3) + (-5 - 8) - -40.
23
Calculate -1 + 2 - (-3 + -1 + 5 - (79 - 78)).
1
Calculate 1 + (-1 - (-13 + 16 + -3)) + 3.
3
Evaluate 1 - -12 - (410 + -382).
-15
What is the value of (-29 - (2 + -13) - -18) + (-10 - 41)?
-51
What is the value of (164 - 168) + -2 + 1 + 0 + -9?
-14
What is the value of (-32 - -13) + (15 - 42) + 54?
8
What is -26 + -5 + 26 + 0 + 1 + (-19 - -3)?
-20
What is (114 - (10 + 12 + -16)) + 15 + -27?
96
1 - -49 - (7 + 3 + (-27 - -33))
34
Calculate 6 - 5 - (4 - 0 - ((91 - 45) + -31)).
12
Calculate 17 - ((17 - -5) + -9 + -1).
5
Evaluate (47 - (-37 - -39)) + -13.
32
-119 - (-3 - (0 + -1)) - (6916 - 6910)
-123
Evaluate (-4 - (1 - -18)) + (2 - 19 - -15) + -6.
-31
506 - 504 - (14 - 0 - -3) - 6
-21
Calculate -74 + 80 - 75 - -60.
-9
What is the value of (-23 - -23 - -10) + -3?
7
Calculate (27 - 29) + 0 + 24.
22
What is (-1 - 61) + 6509 + -6513?
-66
What is 53 + 0 - (-20 - ((-23 - 1) + 8))?
57
Evaluate -2 + 15 + (33 - (44 - -38)).
-36
Evaluate 7 + -3 - (101 - 59 - (-2 - 0)).
-40
What is -29 + 1 + -5 + (-34 - -108 - 70)?
-29
Calculate (6 - 33 - 55) + 51.
-31
0 - (-3 + 30) - (17 + 14)
-58
-42 + 9 - (-5 - (1 + 4 - 13))
-36
1 - (-2 + -10) - 1 - (-67 - 100 - -253)
-74
Evaluate 29677 - 29694 - (1 - (0 + (1 - 0))).
-17
What is the value of (180 - 216) + 25 + 2 - (1 + (-99 - 0))?
89
What is the value of (16 - (-7 - (-7 - -6) - -9)) + -1?
12
Evaluate (-68 - -3) + (3 - (3 - (12 - 7))) + 2.
-58
Evaluate 3 + -6 - (7 + (1 - (23 + -7))).
5
Evaluate 17 - (31 - (106 - -9)) - 11.
90
Calculate 18 + 0 + 5 - (-27 - 11).
61
What is (-1 - (-2 - 14)) + (9 + -42 + 20 - -18)?
20
What is the value of -63 + (3 - 1) - (25 - 4 - (64 + -41))?
-59
-5 + -38 - -24 - (80 + -5 + 4)
-98
What is 41 - (0 - (-69 + -43)) - -39?
-32
What is -62 + ((10 - (-11 - -13)) + (-3 - -2) - 0)?
-55
What is the value of 3 + (-4 + (61 - (9 + -3) - 2) - 10)?
42
What is the value of 7 + (59 - (30 + 33 + -19))?
22
3 + 51 + (-12 + 7 - (14 + (-7 - 6)))
48
What is the value of 180 - 110 - (15 - (11 + 5) - (-7 - -1))?
65
Calculate 24 + (-3 - 0) - (303 + -286).
4
What is 22 - (-69 + 19 - -23)?
49
31 - (9 - (11 + (33 - 14)))
52
3 - (-33 + -32 + 44)
24
What is the value of 8 + (-324 + 267 - (-31 - 3))?
-15
What is -1935 + 1948 + (0 - 2) + 45?
56
24 - (44 + -29 + -34)
43
136 + -47 + -2 - (-15 - -9)
93
What is 2 + (-9 - 2) + 8 + 32 - 6?
25
What is (-2 - -17) + (282 - 307)?
-10
Calculate -1 + -20 - (-137 + 208).
-92
What is the value of -43 + -47 + 65 + 5?
-20
What is 13 + -8 + -99 - (-36 + 16 - -33)?
-107
Evaluate (-5 - -3 - -110) + (66 - 72) + 20.
122
Calculate (-32 - -9) + 8 + (66 - 59).
-8
19 + -39 + 1 + (23 - -22)
26
0 + -15 + (923 - 926) + 118
100
What is -22 + -1 - (-120 - -123) - -9?
-17
Calculate 49 - (11 + -46 + (19 - 9) - -11).
63
What is (5 - (2 - 4)) + -23 + (89 - 32) + 13?
54
Calculate 41 - (-195 + 100) - 132.
4
Calculate (19 - -13) + -51 + 13.
-6
What is the value of 24 + (-37 - (-48 + 19))?
16
Calculate ((34 - 17) + -34 - -102) + 29.
114
Calculate 120 - 43 - (10 + (-9 - -17)).
59
What is the value of -12 + 13 + -17 + (4 - -19)?
7
Calculate (-43 - (-6 - 2)) + (-431 - -422).
-44
Evaluate 6 + (100 - 41 - 119).
-54
What is (0 - (-19 + 7)) + -18 + -7 + -59?
-72
What is 3 + 4 + 21 + 3 + -28 + 86?
89
Evaluate (-1 + (0 - 25) - -1) + 19 + 8.
2
What is (-55 - -57) + -4 - -79?
77
Evaluate 135 + (15 + 23 - 127).
46
Calculate 41 + 21 + (-39 - 36).
-13
What is (-2 + -6 - -8) + (19 - 25 - 11)?
-17
Evaluate 7 + -2 + -11 + -40 + -8 + (7 - -4).
-43
What is the value of (7 - -1) + (-31 + 0 - -6) + -8?
-25
What is (3 - 16) + 23 + (-75 - -64)?
-1
-55 - (16 + -93 - -37)
-15
-14 - ((1 - -3) + -2) - (-296 + 350)
-70
What is the value of (-51 - (-10 - 97)) + -9?
47
Evaluate -24564 + 24632 - (-1 - -175).
-106
What is the value of (-14 - -75) + 15 + 7?
83
Evaluate (-170 - -40 - 0) + 17 + 6.
-107
What is 5 + (16 + (-11 - -4) - (6 - -105))?
-97
What is 11 + 10 + (-8 - 14) + 2?
1
What is the value of -5 + (-13 - -3 - (3 - (10 + 7 + 1)))?
0
Evaluate (33 + 12 + 15 - (4 - -4)) + 7 + 1.
60
Evaluate -5 + 86 - (-13 - (24 - 35)).
83
Calculate 22 + -8 - (36 - (52 